 be 4/24 + (-19)/6. What is the tens digit of (k/(-13 + 4))/(2/564)?
9
Let u = 5058 - 3135. What is the units digit of u?
3
What is the thousands digit of -606*(-10 + 44/33)?
5
Suppose -16 = 5*b - 86. Let l = b - 8. What is the units digit of (l/(-10) + 1)*15?
6
Let d = 4795 + -2769. What is the units digit of d?
6
Suppose -5*z + 3 = 4*u, 3*z + 9 = 3*u - 0. Let j be z/(-2) + (-1424)/32. What is the tens digit of j/3*(-15)/10?
2
Suppose -27*r - 13*r + 56040 = 0. What is the hundreds digit of r?
4
What is the thousands digit of (-13328)/(-10) + (-122)/(-610)?
1
Suppose 13980 = 4*a + 2*i, -4*a - 1515 = -3*i - 15515. What is the thousands digit of a?
3
Let w(a) = -110*a**2 - 3*a + 2. Let k be w(1). Let l = 14 - k. What is the hundreds digit of l?
1
Let k = 157 - 72. Let z = k + -43. What is the units digit of z?
2
Let g(w) = 9*w**2 - 31*w - 71. What is the units digit of g(15)?
9
Let j be 110/(-33)*(-18)/(-10). Let q(f) = f**3 + 7*f**2 - 4*f - 11. What is the units digit of q(j)?
9
Let w(n) = 2*n**2 + 4*n. Let m be w(-3). Suppose 149 = 2*a - 5*s, -4*a = -m*a + s + 153. What is the tens digit of a?
7
Let m(x) = -x**3 + 6*x**2 + x + 13. Let q be m(7). Let h = q - -96. What is the units digit of h?
7
Let o(d) = 2*d**2 - 37*d + 36. What is the tens digit of o(19)?
5
Suppose 3*k + 155 = b, 0 = 6*b - b - 10. Let h = -48 - k. What is the units digit of h?
3
Suppose 2*n - 4*n - 70 = -3*w, -4*n = 20. What is the hundreds digit of 105/w*140/3?
2
Suppose 2*s + 4*s - 132 = 0. Let v = -9 + s. What is the tens digit of v?
1
Let m(x) = -3*x + 1. Let b be m(-4). Suppose b = f - 0*f. Let s = 32 - f. What is the units digit of s?
9
Suppose 2*i + 4 = -5*c - 1, 3*i - 2*c = 2. Suppose -19*y + 25*y - 726 = i. What is the hundreds digit of y?
1
Suppose -t - 4 = -15. Let x = 18 - t. Let z(i) = 7*i - 8. What is the tens digit of z(x)?
4
Let c(z) = -2*z + 20. What is the units digit of c(1)?
8
Suppose -4*x = 4*r - 60, -2*x - 70 = -5*r - 6*x. What is the units digit of (r/15)/(3/((-1053)/(-6)))?
9
Let t be (-2 + (3 - 2))*-23. Suppose -t - 101 = -4*v. What is the tens digit of (-9 - -12) + v*1?
3
Suppose -4*z + 8*z = -64. Let q be z/10*(16 - 11). What is the tens digit of 4*4/q*-20?
4
Let m(d) = -d**3 - 19 - 3*d + 2*d**3 - 7*d + 8*d**2. What is the tens digit of m(-8)?
6
Let j(a) = -2*a + 2. Let d be j(-1). Suppose g - 98 = 5*r, d*r + 4 = -16. Suppose 0 = 3*h - 5 - g. What is the units digit of h?
6
Suppose 15*o - 10*o = 4230. What is the hundreds digit of o?
8
Suppose -9*n - 4*n = -3419. What is the tens digit of n?
6
Suppose 4*w = t - 139, 0*w - 2*w = 5*t - 629. Let c = t + -73. What is the tens digit of c?
5
Let w(g) = 81*g + 119. What is the thousands digit of w(17)?
1
Suppose 11 = 2*f + 1. Suppose y = 2*h - 6 - 1, 0 = -4*h - f*y + 35. Suppose n + 2*l = 2*n - 19, 2*n = -h*l + 29. What is the units digit of n?
7
Suppose 4*q = -6*q + 4110. What is the units digit of q?
1
Let l = -5599 + 9909. What is the hundreds digit of l?
3
Suppose 4059 = -60*u + 61*u. What is the units digit of u?
9
Suppose 3*w + 1926 = 5574. What is the hundreds digit of w?
2
Suppose -20*i - 5 = -19*i. Let l = i - -11. Suppose l = -2*u, -4*u + 5*u = 3*n - 45. What is the units digit of n?
4
Suppose -6*j = -4*j - 56. Let y = 46 - j. Suppose -27 - y = -v. What is the units digit of v?
5
Let v(k) = -10*k + 216. What is the tens digit of v(-11)?
2
Suppose 9155 = -15*n + 21980. What is the units digit of n?
5
Suppose 24240 = 101*g - 77*g. What is the tens digit of g?
1
Let b = -338 + 122. Let r = b - -382. What is the tens digit of r?
6
Let l(g) = 5*g + 20. Suppose -60 = m - 6*m. What is the units digit of l(m)?
0
Let f(o) = 6*o**2 - 116*o + 8. What is the tens digit of f(22)?
6
Let f(w) = w + 12. Suppose -4*y = 3*t - 9, t - 12 = -3*t - 2*y. Let k be ((-13)/t)/(4/(-12)). What is the units digit of f(k)?
5
Let s(y) = -y**2 - 8*y. Let j be s(-9). Let o(m) = -3*m - 22. Let c be o(j). Suppose c*p - 111 = 2*p. What is the tens digit of p?
3
Suppose -5*q + 23 = 2*i, 2*q - 11 = -2*i + q. Let n be -2*13 - (i + -2). Let m = 12 - n. What is the tens digit of m?
4
Suppose 0*o + 3*o - 15 = 0. Suppose o - 15 = -5*l. Suppose 17 = 5*r + w, -l*r + 8 = 3*r + 4*w. What is the units digit of r?
4
Suppose 0 = 9*z - 3*z - 2850. What is the units digit of z?
5
Let q be ((-1)/(-2))/(3/(-198)). Let m = 63 + q. What is the units digit of m?
0
Let b = 13837 - 9064. What is the hundreds digit of b?
7
Suppose -5*s = -22 - 13. Suppose 0 = -5*o - t - 184, 0 = 5*t + 27 - s. Let y = o + 62. What is the tens digit of y?
2
Let y(g) = 18*g - 4. Let s(v) = -19*v + 3. Let o(a) = 4*s(a) + 5*y(a). What is the units digit of o(6)?
6
Let f = 30 - 21. Let a(g) = g**3 - 7*g**2 - 3*g + 18. What is the tens digit of a(f)?
5
Let x = 1886 + -1577. What is the tens digit of x?
0
Let l be 6/(-9) - 32/(-12). Suppose -l*y + 213 = y. What is the units digit of y?
1
Suppose 3*n - 17*p + 16*p - 5097 = 0, 0 = 5*n - 2*p - 8496. What is the units digit of n?
8
Let b be ((-2)/3)/(9/216). What is the units digit of (548/b)/(2/(-8))?
7
Suppose -g + 96 = 4*k, -2*g - 52 + 271 = -k. Suppose 2*a + 26 = g. What is the units digit of a?
1
Let i(a) = 2*a**3 + a**2 - a + 1. Let w be i(1). Suppose m - 4*m + 80 = 4*u, w*m - 75 = -3*u. What is the units digit of m?
0
Suppose -5*v = -2*x + 1661 + 3387, 2*v = x - 2524. What is the units digit of x?
4
Let x = -5 - 2. Let u be (-6)/(-4) - x/2. Suppose 0*t = -3*t - 5*h + 71, -u*h - 10 = 0. What is the units digit of t?
7
What is the tens digit of 0/(-1) + (-11)/(55/(-160))?
3
Let p be (-8 - -3)/((-4)/72). Suppose 6 = 2*b - p. Suppose -j + b = 2*j. What is the units digit of j?
6
Suppose -5*k + n = 1012 - 343, -k = -5*n + 129. Let z = k - -223. What is the units digit of z?
9
Let c(o) = 7*o - 2. Let f be c(11). Let b = f + -60. What is the units digit of b?
5
What is the tens digit of (-2125)/(-6) + 9/(-54)?
5
What is the hundreds digit of (1113 - 8)*10*8/100?
8
Suppose -3*x + 20 = 2*x. Let n = 350 - 176. Suppose -i + x*i = n. What is the units digit of i?
8
Let i = -187 - -2259. What is the hundreds digit of i?
0
Let o be ((-6)/(-1) - 0) + -4. Let j(y) = 3 - 5*y + y**2 + y**o + 1 + 3*y. What is the units digit of j(3)?
6
Let c = 22 + 87. Let r = c - -173. What is the units digit of r?
2
What is the units digit of ((-70)/(-20) - 4)/((-3)/348)?
8
Let x(o) be the third derivative of 5*o**4/24 + 2*o**3/3 + 3*o**2 - 7. Let f = 8 - 4. What is the tens digit of x(f)?
2
Let z(b) = b**2 - 8*b + 12. Let h be z(7). Suppose h*n - 5*t = -471 + 1496, 2*n - 403 = -5*t. What is the hundreds digit of n?
2
Let f(m) = m**3 - m**2 - 2*m + 3. Suppose 0 = -4*c + 6*c - 4. Let r be f(c). Suppose -8*d + 85 = -r*d. What is the units digit of d?
7
Let r(l) = l**2 + 4*l + 1. Let f be (-4 + 0)/(-1 + 2). Let n be r(f). What is the units digit of (n - -7) + -6 + 3?
5
Suppose 11*q - 16200 = 11157. What is the thousands digit of q?
2
Suppose 331*y - 329*y - 1922 = 0. What is the hundreds digit of y?
9
Let p = 87 + -83. Suppose -3*h + 5*l + 326 = 0, -p*l + 298 = 3*h - 2*l. What is the hundreds digit of h?
1
Let p(c) = c**3 + c**2 + 117. Let t(i) = i**3 - 8*i**2 + 6*i + 7. Let m be t(7). What is the hundreds digit of p(m)?
1
Let k = 1096 - -1968. What is the units digit of k?
4
Let v be (-2226)/(-10) + 6/(-10). What is the units digit of ((-6)/1)/(-6)*1*v?
2
What is the units digit of ((8 - 20) + -198)/((-1)/2)?
0
Let d = 3245 + -1942. What is the tens digit of d?
0
Let o = 15 - 11. Let w(h) = -4*h**2 + 4*h + 7. Let v be w(o). What is the units digit of v/2*(2 - 4)?
1
Suppose 4*x - 2 = 3*x. Suppose 0 = -l + 3, 4*t + x*l + 14 = 0. Let r = -2 - t. What is the units digit of r?
3
Let u = 9 - 13. Let i(p) = -p**3 - 3*p**2 + 3. Let m be i(u). Let n = m + -9. What is the units digit of n?
0
Let k = 762 + 313. What is the thousands digit of k?
1
Let n = -446 + 931. What is the hundreds digit of n?
4
Let d be (-3 - 41)/(-2*(-3)/6). Let p = d - -111. What is the tens digit of p?
6
Suppose -24*v + 19*v - 50 = 0. What is the tens digit of -4*(-26)/v*-10?
0
Let d(p) = -p**2 + 6*p + 9. Let b be d(7). Let j be 15/3 + b + 0. Let l(n) = -n + 15. What is the units digit of l(j)?
8
Let x(i) = -10*i + 13. Let a(r) = -9*r + 32. Let w be a(4). What is the tens digit of x(w)?
5
Sup